e 5*y - 60 = -5*p, 0 = 4*y - 3*p - 2*p - l. What is the tens digit of ((-18)/7)/(y/(-70))?
1
What is the units digit of 100/(-15)*(-1 - 2)?
0
Let w be (1 - (0 - -1))*1. What is the units digit of w - 0 - (1 + -10)?
9
Suppose 0 = -2*t + 4*q + 6, -4*t - 4*q = -14 - 10. Suppose 2*c + 3*c - 115 = -t*u, -4*c + 91 = 5*u. What is the units digit of c?
4
Let u be (-2)/3 + (-726)/(-9). Suppose 3*s - s - u = 0. What is the tens digit of s?
4
Suppose -5 = b - 3. Let x(p) = -p**2. Let h(d) = -d**2 + 8*d + 6. Let k(n) = b*x(n) + h(n). What is the units digit of k(-8)?
6
Let f = 1 + 1. Let l be (3 - f) + (4 - 3). Let y = 3 - l. What is the units digit of y?
1
Let n = -48 - -77. What is the units digit of n?
9
Suppose 0 = 2*t - 4*t + 132. What is the tens digit of t?
6
Suppose 0 = -2*i + 5*y + 8, 6*i - 4 = 5*i + y. Suppose 4 = 6*h - i*h. What is the units digit of h?
2
Suppose 3*j - 254 = -65. Suppose 0 = 4*u - u - j. What is the units digit of u?
1
Let z(r) = 2*r + 5. Let u be z(4). Let k = u + -9. What is the units digit of k + -4 + 0 + 3?
3
Let q be (-17)/(-4) + 2/(-8). Suppose -5 = 2*i + q*s + s, 3*s + 3 = -5*i. Suppose 5*b - 35 + 10 = i. What is the units digit of b?
5
Let r(f) = 5*f**2 + 2*f + 8. What is the hundreds digit of r(5)?
1
Let p(g) = 20*g**2 + g. Let y be p(1). Let f(j) = 2*j - 4. Let u be f(-4). Let b = u + y. What is the units digit of b?
9
Suppose 0 = 4*q - 0*q + 16. Let g(z) = 5*z**2 - 11*z + 11. Let c(f) = 3*f**2 - 6*f + 6. Let n(k) = q*g(k) + 7*c(k). What is the units digit of n(-4)?
6
Suppose -9 = 5*n - 19. Suppose 4*b - u - 186 = 0, 4*b - 3*u - 178 = n*u. What is the tens digit of b?
4
Suppose -u = 2*c - 16, 0 = -4*c - 0*c + u + 26. Suppose -3*f + 14 = -c*i + 2*i, -5*f + 50 = 5*i. What is the units digit of f?
8
Suppose -a + 233 = 4*x, -2*x - a = -x - 59. What is the units digit of x?
8
Suppose -2*z - 20 = -7*z. What is the units digit of (z*-4)/(-4 - -3)?
6
What is the hundreds digit of 1/(-3) + 2108/6?
3
What is the tens digit of 2/3 - (-356)/6?
6
Suppose 5*a - 18 = 7. Suppose -2*q + a*q - 21 = 0. What is the units digit of q?
7
Suppose -4*c - 5*j = -240, 2*c + 0*j + 2*j - 120 = 0. Suppose -4*w + c = -0*w. What is the units digit of w?
5
Let m be 1/(2/4) + 163. Suppose 0 = 8*p - 3*p - m. What is the tens digit of p?
3
Suppose -5*p = 2*b + 16, -3*b + 13 + 5 = -3*p. Let u = -1 - p. What is the units digit of u?
3
Suppose 0 = -v - 3*v + 184. What is the units digit of v?
6
Suppose -4*i - 3*o = -4, -2*i - 2*i = 5*o - 12. What is the units digit of i + 5*2/1?
8
Suppose -2*s + 10 = -k - k, 0 = k - 2*s + 8. Let v(g) = -6*g - 4. What is the units digit of v(k)?
8
Let o be (0/2)/(2 - 3). Let v = o - -5. Suppose -2*c + 2*a - 2 = -8, 0 = -v*c - a + 15. What is the units digit of c?
3
Let v be 1/((2/(-46))/(-1)). Suppose -24 = -3*u - 3*f, -3*u - u + v = f. What is the units digit of u?
5
Suppose -m - 3*m = -12. What is the units digit of (4 + -2 - m)*-9?
9
What is the units digit of (30/25)/((-2)/(-155))?
3
Let l = 1 - 1. Suppose -4*d = -l*u + 2*u - 44, -d = -u + 7. Let s = u - 7. What is the units digit of s?
5
Suppose 0 = i + 3*b - 158, 3*i + 2*b = 159 + 294. What is the units digit of i?
9
Let x(d) = 159*d**2 + 3*d + 1. What is the tens digit of x(-1)?
5
Let v = -4 - -17. What is the tens digit of v?
1
Let w(p) = 18*p + 1. What is the units digit of w(1)?
9
Suppose 3*o - 8 - 1 = 4*s, -2*s = 3*o - 9. Suppose 3*j + 4*h = 10, 2*j + s*h = 5*h + 22. What is the units digit of 12/j*(-10)/(-4)?
5
Let u(c) = 2*c**2 - 10*c + 6. What is the units digit of u(8)?
4
Let w be (1 + -2 - -4)*1. Suppose -3*d = -4*m - 7, 27 = 5*d + 4*m - w*m. Suppose -i = d*q + 2, 5*i - 5 = -5*q + 5. What is the units digit of i?
3
Suppose 8 = g + 54. Let x = g - -64. Suppose l = 2*m - 2, 0 = -3*l - 0*l - 2*m + x. What is the units digit of l?
4
Suppose 0 = -0*i + i - 5*l - 101, l - 531 = -5*i. What is the tens digit of i?
0
Let g(s) = s**2 - s + 1. What is the tens digit of g(8)?
5
Suppose c - 29 - 25 = 0. What is the units digit of c?
4
Suppose 3*k - 2*r = 3*r + 108, 0 = 4*k + 3*r - 115. What is the units digit of k?
1
Let a(z) = z**3 + 5*z**2 + 5*z + 4. Let v be a(-3). Let g be (6 - v)/((-2)/6). What is the units digit of g + 6*(-1 + 2)?
9
Let y(h) = -h + 5. Let n be y(5). Suppose n = -3*p + 2*b + 17, -4*b = -5*p - 14 + 41. What is the units digit of p?
7
Let f(o) = -o**2 - 4*o + 1. Let r be f(-3). Suppose r*s - 3*t - 13 = 0, -s = s - 2*t - 4. What is the units digit of s?
7
What is the units digit of (1489/35 + (-2)/14)*5?
2
Let l = 9 - -12. What is the tens digit of l?
2
Suppose 5*i - 98 = 5*r + i, -28 = r - 5*i. Let f = r + 26. What is the units digit of f?
8
Let q = -54 + 31. Let b = 5 - q. What is the tens digit of b?
2
Suppose -2*k + 30 = 3*k. What is the tens digit of 8 + -2*(-9)/k?
1
Let a be 2 + 2 - (1 - 1). Suppose a*k - 12 = -s + 47, -13 = -k - 2*s. What is the tens digit of k?
1
Let t = 3 - 8. Let l = 3 - t. What is the units digit of l?
8
Let h(a) = 85*a + 1. Let z be h(1). Let v = 121 - z. Suppose -5*l - 4*g = -v, -g - 1 = -2*l - 0*l. What is the units digit of l?
3
What is the units digit of 64/6 + (-40)/6 + 7?
1
Let b(p) = -3*p**3 + 4*p**2 + p - 2. Let f(i) = 7*i**3 - 7*i**2 - 2*i + 4. Let h be -10*(3/6 + -1). Let q(z) = h*b(z) + 2*f(z). What is the units digit of q(6)?
4
Let r(o) = -o**3 - 6*o**2 - 3*o - 2. Let h be r(-6). Let f = -10 + h. Suppose -5*j = -f*j + 6. What is the units digit of j?
6
Let b(o) = o**2 - 6*o - 2. Suppose -17 = -3*c + 7. What is the units digit of b(c)?
4
Suppose 3*u - 3 = 3. Let p be 50/(-4)*u/(-1). Suppose 5*s - p = -0*s. What is the units digit of s?
5
Let o be (-8)/(-3) + 2/6. Let v be 4/(-5)*15/(-6). Suppose -12 = -o*r + v*r. What is the units digit of r?
2
Suppose 4*d - 3*y - 657 = 1, 153 = d + 5*y. What is the tens digit of d?
6
Let k(d) = -2*d + 3. Let f be k(3). Let b(x) be the second derivative of -x**5/20 - x**4/4 + x**2 - 5*x. What is the units digit of b(f)?
2
Suppose 0 = -x - 3*z + 106, 159 + 371 = 5*x + z. Let u = x + -72. Suppose -3*q = 5*p - u, p + 15 = q - p. What is the tens digit of q?
1
Let n be (-81)/(-6)*4/6. What is the tens digit of (-320)/(-12) + 3/n?
2
Let d(p) = -5*p**2 + 2*p + 1. Let u be d(-1). Let k(w) = w**2 + w - 3. What is the units digit of k(u)?
7
Let w(k) be the second derivative of 3*k**5/20 - k**4/6 - k**3/3 - 2*k. What is the tens digit of w(2)?
1
Suppose 3 - 13 = -2*g. Suppose 0 = -g*k + 19 + 6. What is the units digit of k?
5
Let t = -11 - -15. What is the units digit of t?
4
Let i(l) = 4*l**2 + 3. Let f(y) = y**2 - 7*y - 6. Let k be f(8). What is the units digit of i(k)?
9
Let q(a) = 4*a + 6*a**2 - 2*a**2 - 5*a. Suppose 11 - 3 = -2*j + 3*k, 0 = 5*j - 4*k + 13. What is the units digit of q(j)?
5
Suppose 2*f - 12 = 2*o, -o = -2*f - 6 + 21. What is the units digit of f?
9
Suppose 5*t - 25 = 0, 0 = -4*b - 3*t + 6 + 77. What is the units digit of b?
7
Suppose -2*o - o - 2*t = -17, -4*o - 5*t + 11 = 0. Suppose 0 = -4*j - l + 19, 4*j - j - 13 = -l. Let x = o - j. What is the units digit of x?
3
Let v be 8/6*(5 + -2). Suppose -4*s + 2*s + 5*u + 86 = 0, -v*s + u = -190. What is the units digit of s?
8
Suppose y + 19 = 4*y - 4*t, 3*y = -t + 14. Suppose 0 = -y*l - 5*x + 25, 4*l - 22 + 2 = 4*x. What is the units digit of l?
5
Suppose 5*y - n = -6*n + 950, -4*y - 2*n + 758 = 0. What is the tens digit of y?
8
Let u(l) = 35*l - 2. What is the units digit of u(3)?
3
Suppose 4*l + 5*n - 122 = 0, -n + 2*n = -2*l + 58. What is the units digit of l?
8
Let c(l) = -12*l - 38. Let q(p) = 4*p + 13. Let y(z) = -3*c(z) - 8*q(z). Let f(w) = -6*w - 15. Let u(s) = 5*f(s) + 8*y(s). What is the tens digit of u(4)?
1
Let t(k) = -k**3 - 5*k**2 + 9*k + 8. Let b be t(-6). What is the units digit of 2/(-5) + (-274)/b?
7
Let z = -9 - -132. What is the hundreds digit of z?
1
Suppose 3*a + 4*p - 202 + 49 = 0, -3*p = 2*a - 102. Suppose 2*b - a = -3*f, -31 = 5*b + 2*f - 153. What is the units digit of b?
4
Suppose 2 = x - 12. What is the units digit of (-16)/(-6)*(x - 11)?
8
Let c = 1 - -2. Suppose -2*j + c*g = 6*g + 13, -17 = -2*j + 3*g. Let r = j - -8. What is the units digit of r?
9
Let d(h) = 2*h - 4. Let m(i) = i**3 + 7*i**2 + 8*i + 9. Let f be m(-6). Let y be d(f). Let z = -7 - y. What is the units digit of z?
3
Let g